73
What are the prime factors of 164641?
31, 47, 113
List the prime factors of 243282.
2, 3, 13, 3119
What are the prime factors of 719383?
7, 102769
What are the prime factors of 122803?
37, 3319
List the prime factors of 333381.
3, 111127
What are the prime factors of 107574?
2, 3, 17929
List the prime factors of 2775027.
3, 31, 53, 563
List the prime factors of 20080552.
2, 97, 113, 229
What are the prime factors of 8971553?
19, 83, 5689
List the prime factors of 15046508.
2, 23, 41, 3989
List the prime factors of 7338166.
2, 11, 30323
List the prime factors of 18907964.
2, 19, 248789
What are the prime factors of 8873565?
3, 5, 29, 20399
List the prime factors of 1480070.
2, 5, 89, 1663
List the prime factors of 13877088.
2, 3, 31, 4663
List the prime factors of 1345544.
2, 168193
List the prime factors of 200672.
2, 6271
List the prime factors of 317476.
2, 139, 571
List the prime factors of 306941.
306941
What are the prime factors of 697890?
2, 3, 5, 43, 541
List the prime factors of 469737.
3, 19, 41, 67
What are the prime factors of 419894?
2, 71, 2957
What are the prime factors of 253142?
2, 47, 2693
What are the prime factors of 1065510?
2, 3, 5, 11839
What are the prime factors of 252457?
252457
List the prime factors of 11080266.
2, 3, 1846711
List the prime factors of 485878.
2, 379, 641
List the prime factors of 3226464.
2, 3, 17, 659
What are the prime factors of 16803956?
2, 13, 17, 19009
What are the prime factors of 284055?
3, 5, 29, 653
What are the prime factors of 1490772?
2, 3, 124231
List the prime factors of 240200.
2, 5, 1201
List the prime factors of 305597.
305597
List the prime factors of 1061793.
3, 117977
List the prime factors of 598925.
5, 23957
What are the prime factors of 21760045?
5, 4352009
What are the prime factors of 453544?
2, 7, 13, 89
What are the prime factors of 30312718?
2, 443, 34213
What are the prime factors of 335241?
3, 193
List the prime factors of 28915045.
5, 17, 41, 8297
What are the prime factors of 68931?
3, 23, 37
List the prime factors of 6710947.
6710947
List the prime factors of 12888714.
2, 3, 313, 6863
List the prime factors of 10905970.
2, 5, 1090597
List the prime factors of 5043171.
3, 7, 240151
List the prime factors of 525123.
3, 2161
List the prime factors of 365810.
2, 5, 157, 233
What are the prime factors of 6282?
2, 3, 349
List the prime factors of 28094651.
13, 2161127
List the prime factors of 18343742.
2, 23, 113, 3529
What are the prime factors of 2537457?
3, 13, 65063
What are the prime factors of 6244502?
2, 11, 19, 14939
List the prime factors of 114339.
3, 38113
List the prime factors of 10536231.
3, 23, 37, 4127
List the prime factors of 1565052.
2, 3, 41, 3181
List the prime factors of 153668.
2, 41, 937
What are the prime factors of 1130008?
2, 11, 12841
List the prime factors of 259353.
3, 28817
What are the prime factors of 27625081?
11, 29, 86599
List the prime factors of 687648.
2, 3, 13, 19, 29
List the prime factors of 7878573.
3, 103, 2833
List the prime factors of 1500636.
2, 3, 125053
List the prime factors of 34814.
2, 13, 103
What are the prime factors of 197464?
2, 24683
What are the prime factors of 353365?
5, 29, 2437
What are the prime factors of 25832876?
2, 2237, 2887
List the prime factors of 2680393.
2680393
What are the prime factors of 17598602?
2, 7, 1257043
List the prime factors of 1987599.
3, 223, 2971
List the prime factors of 10823878.
2, 13, 211, 1973
What are the prime factors of 577381?
7, 82483
What are the prime factors of 11947015?
5, 2389403
List the prime factors of 27929.
11, 2539
List the prime factors of 2675977.
1373, 1949
What are the prime factors of 9006638?
2, 967, 4657
List the prime factors of 23306363.
113, 206251
What are the prime factors of 7154826?
2, 3, 7, 170353
What are the prime factors of 847638?
2, 3, 11, 1427
List the prime factors of 747732.
2, 3, 62311
What are the prime factors of 180247?
180247
What are the prime factors of 285551?
7, 19, 113
What are the prime factors of 12079353?
3, 11, 13, 37, 761
List the prime factors of 410053.
7, 58579
List the prime factors of 573915.
3, 5, 38261
What are the prime factors of 662237?
607, 1091
What are the prime factors of 785435?
5, 7, 22441
What are the prime factors of 281626?
2, 140813
List the prime factors of 1538006.
2, 769003
List the prime factors of 203724.
2, 3, 5659
List the prime factors of 14898211.
41, 363371
List the prime factors of 148366.
2, 31, 2393
What are the prime factors of 5622928?
2, 457, 769
What are the prime factors of 131554?
2, 65777
List the prime factors of 104304.
2, 3, 41, 53
List the prime factors of 28880.
2, 5, 19
What are the prime factors of 529892?
2, 11, 12043
What are the prime factors of 873472?
2, 853
List the prime factors of 151804.
2, 37951
List the prime factors of 484356.
2, 3, 181, 223
What are the prime factors of 287498?
2, 43, 3343
What are the prime factors of 2225?
5, 89
What are the prime factors of 1054951?
1054951
What are the prime factors of 189903?
3, 7, 9043
What are the prime factors of 2220319?
17, 131, 997
List the prime factors of 130025.
5, 7, 743
List the prime factors of 8441969.
8441969
What are the prime factors of 2867055?
3, 5, 191137
List the prime factors of 627020.
2, 5, 107, 293
List the prime factors of 553068.
2, 3, 569
List the prime factors of 7704983.
11, 13, 53881
What are the prime factors of 35123?
11, 31, 103
What are the prime factors of 142852?
2, 71, 503
What are the prime factors of 185766?
2, 3, 7, 4423
What are the prime factors of 566392?
2, 83, 853
List the prime factors of 475493.
241, 1973
What are the prime factors of 440500?
2, 5, 881
List the prime factors of 287659.
307, 937
List the prime factors of 10621267.
223, 47629
List the prime factors of 351707.
351707
What are the prime factors of 12279152?
2, 89, 8623
What are the prime factors of 222683?
17, 13099
What are the prime factors of 227522?
2, 113761
List the prime factors of 44713.
61, 733
List the prime factors of 12300606.
2, 3, 227789
What are the prime factors of 11551015?
5, 7, 47147
What are the prime factors of 419085?
3, 5, 67, 139
List the prime factors of 219253.
233, 941
List the prime factors of 5398980.
2, 3, 5, 89983
List the prime factors of 4675856.
2, 292241
List the prime factors of 12419708.
2, 7, 443561
What are the prime factors of 346357?
11, 23, 37
List the prime factors of 18497226.
2, 3, 11, 47, 67, 89
What are the prime factors of 5684638?
2, 29, 98011
What are the prime factors of 5737992?
2, 3, 13, 53, 347
What are the prime factors of 6243106?
2, 61, 73, 701
List the prime factors of 528328.
2, 66041
List the prime factors of 9368786.
2, 7, 19, 35221
List the prime factors of 18995417.
7, 577, 4703
List the prime factors of 8019217.
8019217
List the prime factors of 89173.
7, 12739
List the prime factors of 9271522.
2, 13, 191, 1867
List the prime factors of 10529924.
2, 1009, 2609
What are the prime factors of 753913?
29, 25997
What are the prime factors of 6543860?
2, 5, 327193
What are the prime factors of 133624?
2, 16703
List the prime factors of 540207.
3, 193, 311
List the prime factors of 218281.
7, 31183
List the prime factors of 3618695.
5, 723739
What are the prime factors of 98386?
2, 49193
What are the prime factors of 3052419?
3, 1017473
List the prime factors of 3112948.
2, 778237
List the prime factors of 388423.
7, 7927
List the prime factors of 380312.
2, 137, 347
What are the prime factors of 1134068?
2, 13, 113, 193
List the prime factors of 555969.
3, 185323
What are the prime factors of 5860796?
2, 83, 127, 139
What are the prime factors of 486327?
3, 162109
What are the prime factors of 8387749?
17, 493397
What are the prime factors of 6053237?
37, 163601
What are the prime factors of 197805?
3, 5, 13187
List the prime factors of 3105936.
2, 3, 21569
List the prime factors of 1295779.
181, 7159
What are the prime factors of 19131668?
2, 857, 5581
What are the prime factors of 1124430?
2, 3, 5, 37, 1013
List the prime factors of 3315976.
2, 29, 14293
List the prime factors of 4863138.
2, 3, 7, 89, 1301
What are the prime factors of 3544944?
2, 3, 13, 19, 23
What are the prime factors of 128865?
3, 5, 11, 71
What are the prime factors of 960492?
2,